{"id":309,"date":"2012-11-08T16:07:09","date_gmt":"2012-11-08T15:07:09","guid":{"rendered":"http:\/\/www.infosadowne.boo.pl\/?page_id=309"},"modified":"2013-01-15T17:19:27","modified_gmt":"2013-01-15T16:19:27","slug":"kacik-literacki","status":"publish","type":"page","link":"https:\/\/info.sadowne.pl\/?page_id=309","title":{"rendered":"K\u0105cik literacki"},"content":{"rendered":"<p><strong><em>\u00a0\u00a0\u00a0 \u201eMnie ta ziemia od innych dro\u017csza, ani \u015bmiem, ani umiem st\u0105d odej\u015b\u0107\u201d&#8230;<\/em><\/strong><\/p>\n<p><strong>\u00a0\u00a0\u00a0\u00a0\u00a0\u00a0\u00a0\u00a0\u00a0\u00a0\u00a0\u00a0\u00a0\u00a0\u00a0\u00a0\u00a0\u00a0\u00a0\u00a0\u00a0\u00a0\u00a0\u00a0\u00a0\u00a0\u00a0\u00a0\u00a0\u00a0\u00a0\u00a0\u00a0\u00a0\u00a0\u00a0\u00a0\u00a0\u00a0\u00a0\u00a0\u00a0\u00a0\u00a0\u00a0\u00a0\u00a0\u00a0\u00a0\u00a0\u00a0\u00a0\u00a0\u00a0\u00a0\u00a0\u00a0\u00a0\u00a0\u00a0\u00a0\u00a0\u00a0\u00a0\u00a0\u00a0\u00a0\u00a0\u00a0\u00a0\u00a0\u00a0<\/strong><em>W\u0142adys\u0142aw\u00a0 Broniewski<\/em><\/p>\n<p>&nbsp;<\/p>\n<p style=\"text-align: justify;\">Pierwszymi okienkami: <em>poetyckim, satyrycznym i wiersze dla dzieci<\/em>, chcia\u0142bym zaprosi\u0107 wszystkich odwiedzaj\u0105cych stron\u0119 <strong>infosadowne<\/strong>, do zakosztowania w utworach literackich pisanych przez ludzi \u017cyj\u0105cych lub zwi\u0105zanych z naszym regionem. Raz w miesi\u0105cu w okienkach pojawia\u0107 si\u0119 b\u0119d\u0105 nowe wiersze i fraszki.\u00a0 Tym samym pragn\u0119 zach\u0119ci\u0107 innych pisz\u0105cych do tzw. <em>szuflady<\/em>, aby odwa\u017cyli si\u0119 przes\u0142a\u0107 swoje utwory i by\u0107 mo\u017ce ostatecznie zdecydowa\u0107 si\u0119 na ich zamieszczenie w kt\u00f3rym\u015b z okienek. Te <em>miejsca <\/em>czekaj\u0105 na Wasze literackie przemy\u015blenia, zwierzenia i odkrycia. Na adres <a href=\"mailto:malwisz@wp.pl\">malwisz@wp.pl<\/a>\u00a0 mo\u017cecie przesy\u0142a\u0107 swoje propozycje. Zapraszam wszystkich do prze\u017cywania naszego tw\u00f3rczego wzlotu nad ziemi\u0105 sadowie\u0144sk\u0105, gdziekolwiek teraz jeste\u015bcie, czymkolwiek zajmujecie si\u0119, dok\u0105dkolwiek pod\u0105\u017cacie.<\/p>\n<p>&nbsp;<\/p>\n<p style=\"text-align: right;\">\u00a0\u00a0\u00a0\u00a0\u00a0\u00a0\u00a0\u00a0\u00a0\u00a0\u00a0\u00a0\u00a0\u00a0\u00a0\u00a0\u00a0\u00a0\u00a0\u00a0\u00a0\u00a0\u00a0\u00a0\u00a0\u00a0\u00a0\u00a0\u00a0\u00a0\u00a0\u00a0\u00a0\u00a0\u00a0\u00a0\u00a0\u00a0\u00a0\u00a0\u00a0\u00a0\u00a0\u00a0\u00a0\u00a0\u00a0\u00a0\u00a0\u00a0\u00a0\u00a0\u00a0\u00a0\u00a0\u00a0\u00a0\u00a0\u00a0\u00a0\u00a0\u00a0\u00a0\u00a0\u00a0\u00a0\u00a0\u00a0\u00a0\u00a0 Z poetyckim pozdrowieniem Wies\u0142aw Maliszewski<\/p>\n<p><a href=\"http:\/\/www.info.sadowne.pl\/?cat=108\"><img loading=\"lazy\" decoding=\"async\" class=\"alignnone size-full wp-image-413\" title=\"okienko poetyckie\" alt=\"\" src=\"http:\/\/www.info.sadowne.pl\/wp-content\/uploads\/2012\/11\/okienko-poetyckie.jpg\" width=\"144\" height=\"108\" \/><\/a>\u00a0\u00a0 <a href=\"http:\/\/www.info.sadowne.pl\/?cat=114\"><img loading=\"lazy\" decoding=\"async\" class=\"alignnone size-full wp-image-414\" title=\"okienko satyryczne\" alt=\"\" src=\"http:\/\/www.info.sadowne.pl\/wp-content\/uploads\/2012\/11\/okienko-satyryczne.jpg\" width=\"144\" height=\"108\" \/><\/a>\u00a0\u00a0 <a href=\"http:\/\/www.info.sadowne.pl\/?cat=118\"><img loading=\"lazy\" decoding=\"async\" class=\"alignnone size-full wp-image-415\" title=\"okienko wiersze dla dzieci\" alt=\"\" src=\"http:\/\/www.info.sadowne.pl\/wp-content\/uploads\/2012\/11\/okienko-wiersze-dla-dzieci.jpg\" width=\"144\" height=\"108\" \/><\/a><\/p>\n","protected":false},"excerpt":{"rendered":"<p>\u00a0\u00a0\u00a0 \u201eMnie ta ziemia od innych dro\u017csza, ani \u015bmiem, ani umiem st\u0105d odej\u015b\u0107\u201d&#8230; \u00a0\u00a0\u00a0\u00a0\u00a0\u00a0\u00a0\u00a0\u00a0\u00a0\u00a0\u00a0\u00a0\u00a0\u00a0\u00a0\u00a0\u00a0\u00a0\u00a0\u00a0\u00a0\u00a0\u00a0\u00a0\u00a0\u00a0\u00a0\u00a0\u00a0\u00a0\u00a0\u00a0\u00a0\u00a0\u00a0\u00a0\u00a0\u00a0\u00a0\u00a0\u00a0\u00a0\u00a0\u00a0\u00a0\u00a0\u00a0\u00a0\u00a0\u00a0\u00a0\u00a0\u00a0\u00a0\u00a0\u00a0\u00a0\u00a0\u00a0\u00a0\u00a0\u00a0\u00a0\u00a0\u00a0\u00a0\u00a0\u00a0\u00a0\u00a0\u00a0W\u0142adys\u0142aw\u00a0 Broniewski &nbsp; Pierwszymi okienkami: poetyckim, satyrycznym i wiersze dla dzieci, chcia\u0142bym zaprosi\u0107 wszystkich odwiedzaj\u0105cych stron\u0119 infosadowne, do zakosztowania w utworach literackich pisanych przez ludzi \u017cyj\u0105cych lub zwi\u0105zanych z naszym regionem. Raz w miesi\u0105cu w okienkach pojawia\u0107 si\u0119 b\u0119d\u0105 nowe wiersze i [&hellip;]<\/p>\n","protected":false},"author":1,"featured_media":0,"parent":0,"menu_order":4,"comment_status":"open","ping_status":"open","template":"","meta":{"footnotes":""},"class_list":["post-309","page","type-page","status-publish","hentry"],"_links":{"self":[{"href":"https:\/\/info.sadowne.pl\/index.php?rest_route=\/wp\/v2\/pages\/309","targetHints":{"allow":["GET"]}}],"collection":[{"href":"https:\/\/info.sadowne.pl\/index.php?rest_route=\/wp\/v2\/pages"}],"about":[{"href":"https:\/\/info.sadowne.pl\/index.php?rest_route=\/wp\/v2\/types\/page"}],"author":[{"embeddable":true,"href":"https:\/\/info.sadowne.pl\/index.php?rest_route=\/wp\/v2\/users\/1"}],"replies":[{"embeddable":true,"href":"https:\/\/info.sadowne.pl\/index.php?rest_route=%2Fwp%2Fv2%2Fcomments&post=309"}],"version-history":[{"count":14,"href":"https:\/\/info.sadowne.pl\/index.php?rest_route=\/wp\/v2\/pages\/309\/revisions"}],"predecessor-version":[{"id":412,"href":"https:\/\/info.sadowne.pl\/index.php?rest_route=\/wp\/v2\/pages\/309\/revisions\/412"}],"wp:attachment":[{"href":"https:\/\/info.sadowne.pl\/index.php?rest_route=%2Fwp%2Fv2%2Fmedia&parent=309"}],"curies":[{"name":"wp","href":"https:\/\/api.w.org\/{rel}","templated":true}]}}