{"id":355,"date":"2012-11-11T19:16:07","date_gmt":"2012-11-11T18:16:07","guid":{"rendered":"http:\/\/www.infosadowne.boo.pl\/?page_id=355"},"modified":"2012-12-20T18:30:50","modified_gmt":"2012-12-20T17:30:50","slug":"sluzby","status":"publish","type":"page","link":"https:\/\/info.sadowne.pl\/?page_id=355","title":{"rendered":"S\u0142u\u017cby"},"content":{"rendered":"<h2><img loading=\"lazy\" decoding=\"async\" class=\"alignleft size-full wp-image-438\" title=\"lochowlogo\" alt=\"\" src=\"http:\/\/www.info.sadowne.pl\/wp-content\/uploads\/2012\/11\/lochowlogo.jpg\" width=\"223\" height=\"234\" \/>Policyjny Punkt Przyj\u0119\u0107 Interesant\u00f3w<\/h2>\n<p>czynne: wtorek i pi\u0105tek w godz. 10.00 &#8211; 12.00<\/p>\n<p>(budynek Urz\u0119du Gminy Sadowne,<\/p>\n<p>ul. Ko\u015bciuszki 3 &#8211; parter)<\/p>\n<p><span style=\"text-decoration: underline;\"><strong>Kontakt<\/strong><\/span>: Komisariat Policji w \u0141ochowie,<\/p>\n<p>ul. 1 Maja 18, tel. 25 6756 500<\/p>\n<p><span style=\"color: #ff0000;\">tel. alarmowy 997 lub 112<\/span><\/p>\n<p>&nbsp;<\/p>\n<p style=\"text-align: center;\">&#8230;&#8230;&#8230;&#8230;&#8230;&#8230;&#8230;&#8230;&#8230;&#8230;&#8230;&#8230;&#8230;&#8230;&#8230;&#8230;..<\/p>\n<h2><img loading=\"lazy\" decoding=\"async\" class=\"alignleft size-full wp-image-439\" title=\"O\" alt=\"\" src=\"http:\/\/www.info.sadowne.pl\/wp-content\/uploads\/2012\/11\/stra\u017c1.jpg\" width=\"305\" height=\"228\" srcset=\"https:\/\/info.sadowne.pl\/wp-content\/uploads\/2012\/11\/stra\u017c1.jpg 305w, https:\/\/info.sadowne.pl\/wp-content\/uploads\/2012\/11\/stra\u017c1-300x224.jpg 300w\" sizes=\"auto, (max-width: 305px) 100vw, 305px\" \/>Ochotnicza Stra\u017c Po\u017carna w Sadownem<\/h2>\n<p>(budynek Urz\u0119du Gminy Sadowne,<\/p>\n<p>ul. Ko\u015bciuszki 3)<\/p>\n<p><a href=\"http:\/\/sadowne.osp.org.pl\/index.html\" target=\"_blank\">www.sadowne.osp.org.pl<\/p>\n<p><\/a><\/p>\n<p><strong><span style=\"text-decoration: underline;\">Kontakt<\/span><\/strong>: Komenda Powiatowa PSP<\/p>\n<p>w W\u0119growie, ul. Stra\u017cacka 4,<\/p>\n<p style=\"text-align: center;\">tel. 25 792 49 98<\/p>\n<p style=\"text-align: center;\"><span style=\"color: #ff0000;\">tel. alarmowy 998 lub 112<\/span><\/p>\n<p>&nbsp;<\/p>\n<p style=\"text-align: center;\">&#8230;&#8230;&#8230;&#8230;&#8230;&#8230;&#8230;&#8230;&#8230;&#8230;&#8230;&#8230;&#8230;&#8230;&#8230;&#8230;..<\/p>\n","protected":false},"excerpt":{"rendered":"<p>Policyjny Punkt Przyj\u0119\u0107 Interesant\u00f3w czynne: wtorek i pi\u0105tek w godz. 10.00 &#8211; 12.00 (budynek Urz\u0119du Gminy Sadowne, ul. Ko\u015bciuszki 3 &#8211; parter) Kontakt: Komisariat Policji w \u0141ochowie, ul. 1 Maja 18, tel. 25 6756 500 tel. alarmowy 997 lub 112 &nbsp; &#8230;&#8230;&#8230;&#8230;&#8230;&#8230;&#8230;&#8230;&#8230;&#8230;&#8230;&#8230;&#8230;&#8230;&#8230;&#8230;.. Ochotnicza Stra\u017c Po\u017carna w Sadownem (budynek Urz\u0119du Gminy Sadowne, ul. Ko\u015bciuszki 3) www.sadowne.osp.org.pl [&hellip;]<\/p>\n","protected":false},"author":1,"featured_media":0,"parent":13,"menu_order":4,"comment_status":"open","ping_status":"open","template":"","meta":{"footnotes":""},"class_list":["post-355","page","type-page","status-publish","hentry"],"_links":{"self":[{"href":"https:\/\/info.sadowne.pl\/index.php?rest_route=\/wp\/v2\/pages\/355","targetHints":{"allow":["GET"]}}],"collection":[{"href":"https:\/\/info.sadowne.pl\/index.php?rest_route=\/wp\/v2\/pages"}],"about":[{"href":"https:\/\/info.sadowne.pl\/index.php?rest_route=\/wp\/v2\/types\/page"}],"author":[{"embeddable":true,"href":"https:\/\/info.sadowne.pl\/index.php?rest_route=\/wp\/v2\/users\/1"}],"replies":[{"embeddable":true,"href":"https:\/\/info.sadowne.pl\/index.php?rest_route=%2Fwp%2Fv2%2Fcomments&post=355"}],"version-history":[{"count":4,"href":"https:\/\/info.sadowne.pl\/index.php?rest_route=\/wp\/v2\/pages\/355\/revisions"}],"predecessor-version":[{"id":437,"href":"https:\/\/info.sadowne.pl\/index.php?rest_route=\/wp\/v2\/pages\/355\/revisions\/437"}],"up":[{"embeddable":true,"href":"https:\/\/info.sadowne.pl\/index.php?rest_route=\/wp\/v2\/pages\/13"}],"wp:attachment":[{"href":"https:\/\/info.sadowne.pl\/index.php?rest_route=%2Fwp%2Fv2%2Fmedia&parent=355"}],"curies":[{"name":"wp","href":"https:\/\/api.w.org\/{rel}","templated":true}]}}